 = 4*n. Suppose 0*z + 4*z = 3*l + i, 2*l = -o. What is the units digit of z?
1
Suppose -9*w = 18*w - 88857. What is the thousands digit of w?
3
Let d(u) = 28 - 29*u - 68 + 33. Let v be d(5). Let c = v - -215. What is the units digit of c?
3
Suppose -10*y - 3 = -13*y. What is the units digit of 69 - (13 - 5) - (3 + y)?
7
Suppose 4 = -4*l, -2*l = 3*n - 5*l - 1308. Suppose -5*a = 5*f - n, 3*f = -10 + 1. What is the units digit of a?
0
Suppose -1 = 3*v + 2*x - 5, 5*v + x - 9 = 0. Let h(w) = -16*w**2 + w + 1. Let i be h(v). Let p = i + 88. What is the tens digit of p?
2
Suppose 4 + 28 = 2*f. Let y be (f - 17)/((-2)/6). Suppose -2*s + y*s - 16 = 5*t, 0 = -5*s + 2*t + 34. What is the units digit of s?
6
Let d(u) = -u**3 - 4*u**2 - 5*u. Let v be d(-4). Suppose -19 = w - 4*p - p, -1 = 4*w - 5*p. Suppose -q = -w*q + v. What is the units digit of q?
4
Suppose -11 - 3 = -7*b. What is the units digit of (b*6/2)/(8/376)?
2
Let l(j) = -j**2 + 20*j + 3. Let d(b) = 10*b**2 + b + 1. Let x be d(-1). Let u be l(x). Suppose 2*r - u - 41 = 0. What is the tens digit of r?
7
Suppose -4*i = -i - 3*m - 2742, -3*i = -2*m - 2740. What is the hundreds digit of i?
9
Suppose -8495 = -5*b + 4*f, -6796 = -4*b - 0*f + 2*f. What is the hundreds digit of b?
6
Let x be ((-2)/3)/((-2)/(-324)). Let z = x - -37. What is the tens digit of (0 - z) + (-7 - -9)?
7
Suppose -33*n + 2*c = -35*n + 86, -n + 4*c = -43. What is the tens digit of n?
4
Let o = 1160 + -765. What is the hundreds digit of o?
3
Let i = 32 - 21. Suppose -7*x = -i*x + 672. Suppose 15*j + x = 18*j. What is the tens digit of j?
5
Suppose -24 = -2*w - 0*w. Let p = w - 8. Suppose -5*v - 110 = -5*i, p*i + 0*v - 5*v = 91. What is the units digit of i?
9
Let z(k) = 35*k**2 - 21*k - 40. What is the hundreds digit of z(-7)?
8
Suppose -f - 11 = -2*u, u + u - 20 = 4*f. Suppose 2*w = -g + 203, 4*g - 411 = -u*w + 3*g. What is the tens digit of w?
0
Let h be (-40 + -6 + 3)*-1. Let c = h - -14. What is the units digit of c?
7
Let f(t) = t**2 - 8*t + 9. Let o = -4 - -11. Let r be f(o). Suppose 2*w - r*q = 16, 12 = 5*q - 13. What is the tens digit of w?
1
Let k(p) = p**2 + p + 13. Let a be k(21). Suppose -21*z - a = -26*z. What is the tens digit of z?
9
Let x(d) = -d**3 + 2*d**2 - 3*d - 1. Let n be x(4). Let w = -15 - n. Let k = -5 + w. What is the tens digit of k?
2
Suppose -6*u = -2*u + 24. Let k(w) = w**2 + 6*w + 3*w + 6 - 2*w - 6*w. What is the tens digit of k(u)?
3
Let n(v) = v**3 - 38*v**2 - 63*v + 147. What is the hundreds digit of n(40)?
8
Suppose -5*g + 2*k - 4 = k, -4*g - 8 = -2*k. Let l(q) = q**3 + 2*q**2 - q + 44. What is the units digit of l(g)?
4
Let w be ((-168)/(-2))/((-1)/(-1)). Suppose -p = 5*c - 34, 5*c + w = 5*p - 4*p. Suppose 2*q - p + 23 = 0. What is the units digit of q?
8
Suppose -3*z = -k + 904, -5*z - 2657 = -3*k - 7*z. What is the hundreds digit of k?
8
Let z(j) be the first derivative of j**3 + 7*j**2 + 4*j + 1. What is the tens digit of z(-7)?
5
Suppose 3*u + z + 15 = -u, -3*z - 15 = 2*u. Let n be (-15)/(-9) - u/9. Suppose -3*m = n*m - 45. What is the units digit of m?
9
Suppose 2 = 2*t - 2. Let y = t + -13. Let j = 20 + y. What is the units digit of j?
9
Suppose -5*g + 5*w + 7990 = -0*w, 0 = 2*g - 5*w - 3196. What is the units digit of g?
8
What is the hundreds digit of (-2)/((23 - 23) + (-3)/678)?
4
What is the thousands digit of 5/((42/315)/(732/5))?
5
Let w = -10 + -2. What is the hundreds digit of 2*w/(-9)*39?
1
Let k be (75 + 4 - 2) + -2. Let l = k - 141. Let r = -16 - l. What is the units digit of r?
0
Let r(k) = -139*k - 193. What is the hundreds digit of r(-15)?
8
Let g = 1122 - -818. What is the tens digit of g?
4
Let m(o) = o**2 + 14*o + 37. Let v be m(-11). Suppose -4*b - v*b = -1032. What is the units digit of b?
9
Suppose 3*d - 530 = -3*w + 2*w, -d = -2*w + 1039. What is the hundreds digit of w?
5
Suppose -4*w = -14*f + 9*f - 2530, -w = 5*f - 645. What is the tens digit of w?
3
Suppose 5*a - 5*u + 3*u = 12198, 3*u = -3*a + 7302. What is the thousands digit of a?
2
Suppose -7*v - 15 = -2*v, 0 = i - 4*v - 375. What is the units digit of i?
3
Suppose 0*z + 4*z = 3*f + 38, 3*f + 50 = z. Let m = 7 + f. Let u(w) = -w + 12. What is the units digit of u(m)?
3
Suppose -5*l - 2*y = 39 + 38, 64 = -4*l - 4*y. Let v be 2/2 + l + -1. Let o = 24 - v. What is the tens digit of o?
3
Let x(s) = -9 + 1 - 9 + 5 + 14*s. What is the tens digit of x(5)?
5
Let h(m) = -3*m + 13. Suppose -t + 12 = t. Let x be h(t). Let g(p) = p**2 + 3*p + 7. What is the tens digit of g(x)?
1
Let u(o) = 114*o - 119. What is the units digit of u(13)?
3
Let v = -26 - -29. Let h(x) = 4*x**3 - 2*x**2 + 3*x + 2. What is the tens digit of h(v)?
0
Suppose -7504 = -2*o - 2*q, -13*o = -10*o + q - 11260. What is the tens digit of o?
5
Let x(u) = u**3 - 20*u**2 - 50*u + 58. What is the tens digit of x(23)?
9
Let y(b) = b**2 + 3*b - 5*b + 6*b + 8 - 8*b**2 - b**3. What is the tens digit of y(-8)?
4
Suppose 53 = 2*n + 4*z + 47, 2*n - z - 11 = 0. What is the units digit of n?
5
Let k(c) = -2*c**3 - 3*c**2. Let s be 1 - 1 - 6/3. Let r be k(s). Suppose -n - r*x = -34, -3*n + 2*n + 34 = -5*x. What is the tens digit of n?
3
Suppose -7*b = -12*b - 30. What is the tens digit of (9/10)/(b/(-145))*4?
8
Suppose -15*x = 2*h - 18*x - 1277, -h = -4*x - 631. What is the hundreds digit of h?
6
Let u(n) = -n - 3. Let a be u(-6). Suppose 5*z = a*z + 10. Suppose -3*l = -5*o + 7, 0*l + z*l + 2*o - 40 = 0. What is the units digit of l?
6
What is the tens digit of -2 - (1 - -595)*51/(-68)?
4
Suppose 0 = -2*b + m + 37 - 204, -b = 5*m + 67. Suppose -2*c + 3 = 33. Let y = c - b. What is the tens digit of y?
6
Suppose 19 = 5*x + 9. Suppose -49 = -x*u + 11. Suppose 2*o - 5*o + u = 0. What is the units digit of o?
0
Suppose -4169 = -8*w + 16119. What is the units digit of w?
6
Suppose 44107 - 10787 = 20*q. What is the thousands digit of q?
1
Let v(u) = -2*u**2 + 11*u. Let x be v(5). Suppose 0 = x*o - 5*g - 175, -o + 5*g = -13 - 18. What is the units digit of o?
6
What is the tens digit of 0/(11 - 8) - -1*299?
9
Suppose -8*z + 470 = -3*z. What is the tens digit of z*(-1 - 12/(-8))?
4
Let j(i) = 2*i + 3. Let f be j(2). Suppose -12 = -5*d - f. What is the units digit of 5 + 3 + (2 - d)?
9
Suppose -x - 2*x + 1879 = -2*r, -4*x + 2492 = 4*r. What is the units digit of x?
5
Let v(n) = 138*n**3 + 3*n**2 + 14*n - 52. What is the thousands digit of v(3)?
3
Let p = -178 - 175. Let l = p + 511. What is the units digit of l?
8
Let z(o) = -12*o**3 + 2*o - 1. Let c be z(1). Let q = c - -21. Suppose -2*j + q = 3*j. What is the units digit of j?
2
What is the hundreds digit of ((275/(-44))/(-5))/(2/632)?
3
Let d be (-372)/28 + (-2)/(-7). Let p = 18 + d. Suppose -p*g = c - 67, 3*g - c = -0*g + 37. What is the tens digit of g?
1
Suppose 3*a - 3*q + q - 16 = 0, -4*q - 10 = 5*a. Suppose -w - 2*j + 4 = -9, w = a*j - 3. What is the tens digit of (w + -2)*(7 + -2)?
1
Suppose w - 4*i - 842 = 0, 2*i = -w - 2*w + 2568. What is the tens digit of w?
5
Suppose f - 103 = -4*z - 2*f, z = -f + 25. Suppose -l + 0*l + z = 0. What is the tens digit of l?
2
Let r = -293 - -1698. What is the tens digit of r?
0
Let p(t) = 722*t + 13. What is the hundreds digit of p(2)?
4
Suppose 2*b + 8 = 6. Suppose 0 = k - 3*k - h + 38, -4*k = -2*h - 68. What is the units digit of (k - b) + 6/(-6)?
8
What is the hundreds digit of (-4)/34 - (1 - 79122/34)?
3
Suppose -23*m = -19*m - 380. Let n = m - 44. What is the tens digit of n?
5
What is the hundreds digit of (-83960)/(-160) - ((-14)/(-8) + -2)?
5
Let t(q) = 5*q**2 + 2*q - 3. Let r(v) = -v**3 + 8*v**2 + 10*v + 9. Let d be r(9). Let h be (-24)/d*(-3)/2. What is the units digit of t(h)?
1
Let i(v) = -7*v - v**2 - 9 - 5*v + 4*v. Let s be i(-6). Suppose -2*n + 0*n + g = -27, -2*n + 17 = -s*g. What is the tens digit of n?
1
What is the units digit of (18210/20)/(6/4)?
7
Suppose -7*x + 3111 = 549. Let f = x - 201. What is the hundreds digit of f?
1
Let b be -4*2*(-6)/(-16). Let v be (1/b)/((-15)/270). Let u(y) = 2*y**3 - 12*y**2 + 7*y. What is the units digit of u(v)?
2
Let j = -16 - -16. Suppose j = 3*m + 13 - 49. What is the tens digit of 4*m/(12/4)?
1
Let x = -147 - -245. Suppose -q - x = -3*q. Let g = q + -17. What is the units digit of g?
2
Let v(f) = -f - 2*f - f + f**3 + 